10) in base 15?
1846
5c7d (base 15) to base 9
30011
Convert -793 (base 11) to base 5.
-12244
-101101111 (base 2) to base 6
-1411
Convert 6273 (base 14) to base 2.
100001000111101
What is -47776 (base 9) in base 14?
-b927
What is 9a4 (base 11) in base 12?
843
Convert 1111100110 (base 2) to base 10.
998
46d (base 15) to base 9
1334
What is 10100110110011 (base 2) in base 3?
112122101
What is -211121 (base 3) in base 13?
-37c
What is 10 (base 6) in base 5?
11
What is -10205 (base 13) in base 5?
-1411104
Convert -6c76 (base 15) to base 3.
-1011122010
Convert 2322 (base 4) to base 11.
15a
Convert 111101 (base 3) to base 9.
441
What is 2077 (base 9) in base 7?
4312
What is -112012122 (base 3) in base 12?
-5bb2
What is 14aa (base 12) in base 5?
34214
What is 7487 (base 10) in base 4?
1310333
What is -103402 (base 5) in base 14?
-1454
Convert -422324 (base 5) to base 3.
-201022211
-3214 (base 7) to base 14
-5b4
-10111110100101 (base 2) to base 11
-9189
Convert 552 (base 15) to base 4.
102302
Convert 5125 (base 8) to base 15.
bb5
14c (base 14) to base 10
264
-9910 (base 12) to base 7
-100104
Convert 215 (base 8) to base 7.
261
What is 4276 (base 9) in base 10?
3147
What is -12211 (base 9) in base 10?
-8191
Convert 1b7 (base 12) to base 5.
2113
What is 1001111101010 (base 2) in base 15?
179d
Convert 404050 (base 6) to base 15.
9733
What is -91 (base 10) in base 2?
-1011011
3202344 (base 5) to base 7
311621
-44a9 (base 12) to base 3
-101110010
What is -e2 (base 15) in base 10?
-212
Convert -3002 (base 8) to base 4.
-120002
2357 (base 8) to base 15
593
2c5 (base 16) to base 13
427
What is 5308 (base 9) in base 12?
2308
Convert 1161 (base 9) to base 7.
2344
-4 (base 14) to base 3
-11
What is 43412 (base 10) in base 5?
2342122
-d9 (base 15) to base 5
-1304
110100111001 (base 2) to base 6
23401
Convert 121213 (base 4) to base 12.
b47
What is -214402 (base 5) in base 4?
-1310311
What is 5de (base 15) in base 7?
3614
Convert 58 (base 11) to base 14.
47
Convert -3ac9 (base 16) to base 4.
-3223021
What is 1384 (base 14) in base 10?
3448
What is -e8 (base 15) in base 16?
-da
Convert -1b8b (base 16) to base 6.
-52351
What is 1211 (base 5) in base 14?
cd
What is 12089 (base 10) in base 6?
131545
441 (base 15) to base 14
4c9
Convert 43544 (base 8) to base 11.
12805
What is -1540 (base 11) in base 8?
-3674
What is -1213231 (base 4) in base 8?
-14755
What is 1027 (base 10) in base 11?
854
-6b73 (base 14) to base 16
-4921
What is -10110011001 (base 2) in base 4?
-112121
-15233 (base 6) to base 2
-100110100101
What is -500 (base 7) in base 3?
-100002
Convert -34 (base 8) to base 5.
-103
What is 111110001111100 (base 2) in base 10?
31868
What is -16600 (base 9) in base 8?
-26235
-11004 (base 5) to base 3
-1000221
Convert -383 (base 14) to base 5.
-10303
Convert 44 (base 9) to base 6.
104
What is -6065 (base 7) in base 16?
-839
Convert -45 (base 12) to base 3.
-1222
23e (base 15) to base 10
509
What is 10315 (base 10) in base 3?
112011001
3101 (base 7) to base 3
1110222
What is -19667 (base 13) in base 3?
-2111210212
What is -27c9 (base 14) in base 6?
-52325
22923 (base 11) to base 7
165244
101000011000000 (base 2) to base 15
61d2
Convert 1c35 (base 16) to base 6.
53233
Convert -132312 (base 5) to base 6.
-40404
27 (base 12) to base 8
37
Convert 1323131 (base 4) to base 15.
251b
Convert -263340 (base 8) to base 13.
-32a81
Convert -1104505 (base 6) to base 2.
-1101100010111001
Convert -5522 (base 9) to base 6.
-30502
Convert -23ee (base 16) to base 10.
-9198
112221112 (base 3) to base 8
25217
What is 1007 (base 9) in base 10?
736
Convert 231312 (base 4) to base 9.
4020
-50c8 (base 14) to base 9
-21050
4243 (base 12) to base 5
213001
2120111020 (base 3) to base 7
300456
Convert -20a8 (base 12) to base 8.
-7000
What is -24088 (base 9) in base 8?
-37366
Convert a7aa (base 13) to base 10.
23293
Convert -1221010 (base 3) to base 7.
-4050
-1c6b (base 14) to base 3
-21010021
Convert -1b79 (base 13) to base 8.
-10074
6914 (base 14) to base 11
12788
What is -323 (base 8) in base 9?
-254
2200 (base 5) to base 8
454
What is -233 (base 13) in base 11?
-316
Convert -8d91 (base 14) to base 12.
-12303
-1111000000 (base 2) to base 6
-4240
-4372 (base 11) to base 4
-1122012
What is 102211 (base 3) in base 13?
1b7
576 (base 14) to base 11
8a6
Convert 13212 (base 4) to base 5.
3421
Convert -446 (base 10) to base 8.
-676
Convert 1100100011 (base 2) to base 3.
1002202
-24024 (base 8) to base 3
-112002000
-35330 (base 7) to base 6
-110022
What is 21a7 (base 12) in base 2?
111010001111
What is 59 (base 10) in base 6?
135
What is 64 (base 16) in base 15?
6a
Convert -637 (base 13) to base 10.
-1060
1328 (base 10) to base 9
1735
What is -54387 (base 9) in base 11?
-25097
Convert -814 (base 9) to base 2.
-1010010101
42241 (base 5) to base 12
1771
What is 2362 (base 10) in base 9?
3214
What is -3100241 (base 5) in base 10?
-50071
Convert -11301 (base 10) to base 9.
-16446
What is -2045 (base 8) in base 7?
-3044
7c3a (base 15) to base 12
13324
Convert -1391 (base 10) to base 15.
-62b
What is -1232 (base 4) in base 11?
-a0
Convert a5fb (base 16) to base 7.
234611
Convert 10dbb (base 14) to base 8.
120251
What is 1807 (base 11) in base 7?
6503
What is 3671 (base 8) in base 14?
a13
What is 1a0a (base 13) in base 15?
124c
-2678 (base 10) to base 15
-bd8
Convert 1010110100 (base 2) to base 3.
221122
-7291 (base 16) to base 15
-8a54
What is -322110 (base 4) in base 10?
-3732
Convert -2212102 (base 3) to base 6.
-13402
Convert 220011011 (base 3) to base 15.
533d
24a (base 13) to base 11
334
What is 1421 (base 7) in base 2?
1000101010
Convert 2446 (base 12) to base 16.
ff6
What is -30313 (base 6) in base 16?
-fa5
1122 (base 11) to base 13
897
-148c (base 15) to base 13
-2010
What is -2400 (base 6) in base 14?
-2d2
What is b64a (base 12) in base 9?
30304
What is -2002 (base 3) in base 8?
-70
Convert -283 (base 11) to base 2.
-101001101
Convert -21 (base 8) to base 7.
-23
Convert -35196 (base 10) to base 13.
-13035
12bb6 (base 12) to base 3
1022112210
Convert 209d (base 15) to base 12.
3baa
What is -20102 (base 6) in base 14?
-d5c
-32311 (base 4) to base 8
-1665
Convert -7552 (base 9) to base 8.
-12663
Convert 436 (base 14) to base 12.
594
What is -10002221 (base 4) in base 10?
-16553
What is -1222 (base 13) in base 14?
-d11
What is -10104 (base 5) in base 12?
-466
bba (base 16) to base 13
149c
14e59 (base 16) to base 6
1500133
What is 9 (base 16) in base 7?
12
a99 (base 11) to base 5
20233
Convert 328 (base 16) to base 4.
30220
What is 43145 (base 6) in base 16?
1709
What is -22004 (base 7) in base 3?
-21112102
Convert 13200 (base 4) to base 16.
1e0
75e (base 16) to base 10
1886
What is 5b40 (base 13) in base 10?
12896
54412 (base 6) to base 3
101021122
What is -738b (base 12) in base 14?
-4867
What is aac5 (base 14) in base 9?
44508
Convert 22221 (base 3) to base 4.
3301
Convert -12012 (base 5) to base 10.
-882
Convert -22ed (base 16) to base 14.
-3389
-b530 (base 12) to base 9
-30100
What is 5506 (base 9) in base 14?
169a
-3ab (base 14) to base 11
-612
4782 (base 11) to base 13
2b08
231a (base 12) to base 14
15d4
What is 2132203 (base 4) in base 6?
114551
What is -52007 (base 8) in base 4?
-11100013
Convert a59 (base 15) to base 7.
6543
3234 (base 7) to base 8
2200
Convert -13125 (base 8) to base 11.
-4328
What is -435543 (base 6) in base 13?
-13689
-103152 (base 6) to base 4
-2010230
Convert 1408 (base 10) to base 9.
1834
-3485 (base 9) to base 2
-101000011100
-544 (base 11) to base 7
-1622
Convert 720 (base 8) to base 15.
20e
875 (base 14) to base 12
b73
Convert -13032 (base 4) to base 3.
-122010
What is 8650 (base 14) in base 10?
23198
What is 3a3 (base 14) in base 12?
50b
Convert b0 (base 14) to base 4.
2122
What is -15a (base 16) in base 3?
-110211
Convert 14425 (base 8) to base 12.
3871
What is -12341 (base 15) in base 12?
-29767
What is 14422 (base 9) in base 16?
265d
What is 846d (base 16) in base 4?
20101231
Convert 43a (base 13) to base 3.
222212
What is -1110001011 (base 2) in base 6?
-4111
What is -14636 (base 8) in base 4?
-1212132
What is 99c (base 16) in base 14?
c7a
Convert 8123 (base 9) to base 8.
13456
What is 41341 (base 9) in base 16?
6a75
What is 10021 (base 3) in base 13?
6a
-14337